Suppose n + 36 = 5*l, -n = -2*n + 3*l - 30. Let q be 6/(n/8 + (-3)/(-1)). Calculate the highest common factor of q and 16.
16
Let c = -275 + 389. Let r be 8 - 1 - 4/2. Suppose r*u - c = -u. What is the highest common factor of 190 and u?
19
Let t be -191*(-4)/(-28) + 4/14. Let g = t - -40. Calculate the greatest common factor of 143 and g.
13
Suppose -q - m = m - 11, -3*q = m - 13. Suppose 5*f - l = q*l + 136, 141 = 5*f + l. What is the greatest common factor of f and 28?
28
Suppose 7*h + 162 = h. Let a = h - -107. Calculate the highest common divisor of a and 10.
10
Let t(z) = -z**3 - 3*z**2 + 6*z + 10. Let j be t(-4). Suppose 0 = j*o + 3*w - 153, 5*w + 21 = 3*o - 218. What is the highest common divisor of 26 and o?
26
Suppose -464*a = -455*a - 450. Calculate the greatest common factor of a and 90.
10
Let r be (0 + -1)/((-9)/117) + 0. What is the greatest common factor of r and 169?
13
Let s = -434 + 899. Calculate the greatest common factor of 15 and s.
15
Let d = 347 - 293. Calculate the highest common divisor of d and 126.
18
Let n(h) = -77*h - 211. Let p be n(-31). Calculate the highest common divisor of 68 and p.
68
Let w be ((-2)/2)/(-5 - 1312/(-264)). Suppose 4*n = w - 1. Calculate the highest common factor of n and 24.
8
Let i be 6*87/72 + 2/(-8). What is the highest common factor of i and 686?
7
Suppose 61*v - 95 = 58*v - w, 2*v = 3*w + 45. Calculate the highest common factor of v and 81.
3
Let b be (-6 - -7)*(-1 + 8). Let n = 62 + -41. What is the greatest common divisor of n and b?
7
Suppose -r + 3*a - 15 = 4*a, -5*a - 10 = 0. Let y = r - -21. Let x be y/24 - (-94)/6. What is the greatest common factor of 40 and x?
8
Let g(i) = i**2 + i + 260. Let v be g(0). Suppose -5*u - 220 = v. Let r be (27/(-6))/(9/u). Calculate the highest common divisor of r and 32.
16
Let n(s) = 3*s**2 - 3*s - 3. Let r be n(5). What is the greatest common factor of r and 513?
57
Let s(o) = -52*o + 3518. Let r be s(67). Let b = -3 - -1. Let x(g) = -119*g. Let f be x(b). What is the greatest common factor of r and f?
34
Suppose -4*x - 96 = -3*f, 0 = -2*f - 0*f + 3*x + 63. Let v = 15 + -27. Let d = v + 30. What is the greatest common factor of f and d?
18
Let u = 28 + 35. Suppose -68*p + 30 = -u*p. Let j(r) = -6*r. Let y be j(-3). Calculate the highest common divisor of y and p.
6
Suppose -4 = -4*p + 3*v, 0*v = 2*p + 3*v - 20. Calculate the greatest common divisor of p and 28.
4
Let v be (-1458)/15*100/(-30). Calculate the highest common factor of 36 and v.
36
Suppose 53*o - 4416 = 37*o. Calculate the highest common divisor of 12 and o.
12
Suppose 1971*w - 91 = 1970*w. Let n = 18 + -11. What is the greatest common divisor of n and w?
7
Let y be (-1 - -28)/(6/(-18)*-3). What is the greatest common factor of 351 and y?
27
Let f be (72/(-20) + 4)*210. Suppose -26*q + 94 + 218 = 0. Calculate the greatest common factor of f and q.
12
Suppose 161 = 9*n - 415. Calculate the greatest common divisor of 256 and n.
64
Let t(s) = -s**2 + 82*s + 55. Let w be t(33). Calculate the highest common divisor of 38 and w.
38
Suppose 0 = -v + 177 - 9. Let y be v/98*(-42)/4. Let g = y - -23. Calculate the highest common factor of 1 and g.
1
Suppose -d - 3*w = -25, 0*d - 4*d = -w - 35. Let c be (-354)/(-4) - 5/d. What is the highest common factor of c and 8?
8
Let p = 7889 + -3533. Let l be (p/(-144))/(((-1)/4)/1). Calculate the highest common divisor of 11 and l.
11
Let r be 84/(-504) - (-115)/6. What is the greatest common divisor of 703 and r?
19
Let u(a) = a**2 - 10*a + 2. Let c = -13 - -23. Let s be u(c). What is the highest common factor of s and 5?
1
Let t = -252 + 264. Calculate the greatest common divisor of 138 and t.
6
Let p be ((-36)/117)/2 - (-152)/(-26). Let g = -1 + 9. Let k be (-14 - 106)/(p/g). Calculate the highest common divisor of k and 32.
32
Let o(i) = -5*i**2 - 79*i + 27. Let w be o(-16). Suppose 4*d - 2*d + 5*q - 227 = 0, -2*d + 239 = q. Calculate the highest common factor of d and w.
11
Let y(s) = 10*s + 140. Let h be y(0). What is the highest common factor of h and 35?
35
Let q be (-1)/((-4)/(-6) + -1). Let i(t) = t**3 - t**2 + 5*t - 4. Let o be i(q). Suppose 447 - 3318 = -11*d. Calculate the highest common factor of o and d.
29
Suppose -2*t = t - 9. Suppose 2*g - 12 = -2*g + 2*d, 3*g = -t*d + 18. Suppose 5*r = g*r + 44. Calculate the highest common factor of 11 and r.
11
Let y(t) = t**3 - 4*t**2 - 2*t - 12. Let a be y(5). Suppose -a*r + 4*r - 32 = 0. Suppose -r = -0*u - u. What is the highest common factor of u and 96?
32
Suppose 0*h + 30 = 2*h. Suppose -9 = -5*z + b + h, 0 = 4*z + 4*b. What is the greatest common factor of 36 and z?
4
Suppose -2*y - 10*k + 6*k = -28, 3*y - 47 = -5*k. What is the greatest common divisor of y and 8?
8
Suppose -3*w + 32 = 62. Let p be (-4)/w - 5769/(-15). Calculate the highest common factor of 35 and p.
35
Suppose 17*z - 12*z - 230 = 0. Suppose 3*u - 43 = -5*k + 20, 2*u + 2*k = z. Calculate the greatest common factor of 26 and u.
26
Suppose 85*h + 24 = 87*h. What is the highest common divisor of h and 222?
6
Suppose 2*m + 2*m - 460 = 0. Suppose 2*d = 12*d - 150. Let q be 3/(-15) - (3 - 393/d). What is the greatest common divisor of m and q?
23
Let t = -68 + 73. Suppose -h - t + 22 = 0. Calculate the highest common divisor of h and 136.
17
Let x = -429 + 440. Calculate the highest common factor of x and 99.
11
Let s be (-2 - 5/(-2))*16. Let u(i) = 20*i - 10. Let b be u(s). Suppose -150 = -6*v + v. Calculate the greatest common divisor of v and b.
30
Let k = 199 - 99. What is the greatest common divisor of 60 and k?
20
Suppose -26*d = -3320 - 840. Let k(q) = -11*q - 1. Let z be k(-3). Calculate the greatest common divisor of z and d.
32
Suppose q = -q + 24. Calculate the greatest common factor of q and 48.
12
Let c(v) = -6*v - 21. Let b be c(-7). Let n = b + -19. Suppose -3*f - 34 = -5*l - 4*f, -5*l = -n*f - 22. What is the greatest common divisor of l and 42?
6
Let c(k) = 2*k - 2. Let d(a) = a - 1. Let f(p) = -3*c(p) + 7*d(p). Let g be f(-3). Let r = g + 19. What is the highest common factor of 15 and r?
15
Let z = 168 - 4. Calculate the greatest common factor of 41 and z.
41
Suppose -93 + 90 = -3*o. What is the highest common factor of o and 23?
1
Let p = -62 + 63. Suppose -5*h = -4*a - 4, -a + 7 = 3. Suppose 2*v + d - 1 = 13, h*d - 21 = -3*v. What is the greatest common divisor of p and v?
1
Let y be (-2)/(-6) + 2/(-6). Suppose 5*a - 12*a + 14 = y. What is the greatest common factor of a and 1?
1
Let f be (-28)/14 - (-1 - 118). Suppose -8*v - f = -11*v. Let s = -17 + v. What is the highest common divisor of 11 and s?
11
Suppose 3*i + 2*x = i + 24, 0 = 4*i + 5*x - 52. What is the greatest common factor of 24 and i?
8
Let n be ((-1)/(-3)*3)/((-3)/(-780)). What is the highest common factor of n and 442?
26
Let o be (-6)/(-1 - (-3)/(-6)). Suppose 0 = -2*g + 10 - 4. Suppose -g*d + o*d = 3. Calculate the greatest common divisor of 33 and d.
3
Suppose 0 = -30*a + 20*a + 120. What is the highest common factor of a and 282?
6
Let x = 2326 + -2254. Let g(n) = n**2 - 5*n - 6. Let m be g(7). Calculate the greatest common divisor of x and m.
8
Suppose -6*k + 11 = 17. Let c = k + 25. Calculate the highest common divisor of c and 216.
24
Let v = 218 - 206. Suppose 5*i + 2*y - 45 = 3*y, 5*i = -2*y + 30. What is the highest common factor of i and v?
4
Let r be 1*130 - (-2 - 0). Let p be (4/(-8) - -2) + 27/6. Suppose -p*m = -0*m - 72. What is the greatest common factor of m and r?
12
Suppose 2*h = -8*n + 6*n + 24, 50 = 4*h + 3*n. Let z(i) = 48*i + 2. Let q be z(2). What is the greatest common divisor of q and h?
14
Let r(m) = m**2 - 10*m - 9. Let q be r(12). Let n be 152/2*1/2. Let y = -23 + n. What is the greatest common factor of q and y?
15
Let x = -297 + 717. What is the greatest common factor of 240 and x?
60
Let z(a) = a**3 - 5*a**2 + 9*a - 5. Let w be z(6). Suppose -n - 104 = -4*l + 3*n, 4*n - w = -3*l. Calculate the highest common factor of l and 3.
3
Suppose j + 4*u - 7 = 0, -5*j + u - 4*u = -120. Let f = 532 - 514. Calculate the highest common factor of j and f.
9
Let r = -105 + 303. Suppose 0 = 5*p - 3*q - 35 - 46, 3*p + 2*q - 60 = 0. What is the highest common divisor of r and p?
18
Suppose 10 = -k + 42. Let y(j) = -6*j - 13.